[INFO] cloning repository https://github.com/JoshOrndorff/Casanova
[INFO] running `Command { std: "git" "-c" "credential.helper=" "-c" "credential.helper=/workspace/cargo-home/bin/git-credential-null" "clone" "--bare" "https://github.com/JoshOrndorff/Casanova" "/workspace/cache/git-repos/https%3A%2F%2Fgithub.com%2FJoshOrndorff%2FCasanova", kill_on_drop: false }`
[INFO] [stderr] Cloning into bare repository '/workspace/cache/git-repos/https%3A%2F%2Fgithub.com%2FJoshOrndorff%2FCasanova'...
[INFO] running `Command { std: "git" "rev-parse" "HEAD", kill_on_drop: false }`
[INFO] [stdout] 56b60fba92d97fa2e3a386e7010ac513e4718a12
[INFO] checking JoshOrndorff/Casanova against master#e6e4f7ed1589e03bc2f6c5931c1a72e7947e8682 for beta-170-4
[INFO] running `Command { std: "git" "clone" "/workspace/cache/git-repos/https%3A%2F%2Fgithub.com%2FJoshOrndorff%2FCasanova" "/workspace/builds/worker-7-tc2/source", kill_on_drop: false }`
[INFO] [stderr] Cloning into '/workspace/builds/worker-7-tc2/source'...
[INFO] [stderr] done.
[INFO] validating manifest of git repo https://github.com/JoshOrndorff/Casanova on toolchain e6e4f7ed1589e03bc2f6c5931c1a72e7947e8682
[INFO] running `Command { std: CARGO_HOME="/workspace/cargo-home" RUSTUP_HOME="/workspace/rustup-home" "/workspace/cargo-home/bin/cargo" "+e6e4f7ed1589e03bc2f6c5931c1a72e7947e8682" "metadata" "--manifest-path" "Cargo.toml" "--no-deps", kill_on_drop: false }`
[INFO] started tweaking git repo https://github.com/JoshOrndorff/Casanova
[INFO] finished tweaking git repo https://github.com/JoshOrndorff/Casanova
[INFO] tweaked toml for git repo https://github.com/JoshOrndorff/Casanova written to /workspace/builds/worker-7-tc2/source/Cargo.toml
[INFO] crate git repo https://github.com/JoshOrndorff/Casanova already has a lockfile, it will not be regenerated
[INFO] running `Command { std: CARGO_HOME="/workspace/cargo-home" RUSTUP_HOME="/workspace/rustup-home" "/workspace/cargo-home/bin/cargo" "+e6e4f7ed1589e03bc2f6c5931c1a72e7947e8682" "fetch" "--manifest-path" "Cargo.toml", kill_on_drop: false }`
[INFO] running `Command { std: "docker" "create" "-v" "/var/lib/crater-agent-workspace/builds/worker-7-tc2/target:/opt/rustwide/target:rw,Z" "-v" "/var/lib/crater-agent-workspace/builds/worker-7-tc2/source:/opt/rustwide/workdir:ro,Z" "-v" "/var/lib/crater-agent-workspace/cargo-home:/opt/rustwide/cargo-home:ro,Z" "-v" "/var/lib/crater-agent-workspace/rustup-home:/opt/rustwide/rustup-home:ro,Z" "-e" "SOURCE_DIR=/opt/rustwide/workdir" "-e" "CARGO_TARGET_DIR=/opt/rustwide/target" "-e" "CARGO_HOME=/opt/rustwide/cargo-home" "-e" "RUSTUP_HOME=/opt/rustwide/rustup-home" "-w" "/opt/rustwide/workdir" "-m" "1610612736" "--user" "0:0" "--network" "none" "ghcr.io/rust-lang/crates-build-env/linux@sha256:19e73879b68f455e41552ea35293514db52ea292d993f571636dbffedb77a1ee" "/opt/rustwide/cargo-home/bin/cargo" "+e6e4f7ed1589e03bc2f6c5931c1a72e7947e8682" "metadata" "--no-deps" "--format-version=1", kill_on_drop: false }`
[INFO] [stdout] 224bec36cb6c751b7bbf9931865df1fd3998586dfbf8f6b6ccf4f00f652ce6a8
[INFO] running `Command { std: "docker" "start" "-a" "224bec36cb6c751b7bbf9931865df1fd3998586dfbf8f6b6ccf4f00f652ce6a8", kill_on_drop: false }`
[INFO] running `Command { std: "docker" "inspect" "224bec36cb6c751b7bbf9931865df1fd3998586dfbf8f6b6ccf4f00f652ce6a8", kill_on_drop: false }`
[INFO] running `Command { std: "docker" "rm" "-f" "224bec36cb6c751b7bbf9931865df1fd3998586dfbf8f6b6ccf4f00f652ce6a8", kill_on_drop: false }`
[INFO] [stdout] 224bec36cb6c751b7bbf9931865df1fd3998586dfbf8f6b6ccf4f00f652ce6a8
[INFO] running `Command { std: "docker" "create" "-v" "/var/lib/crater-agent-workspace/builds/worker-7-tc2/target:/opt/rustwide/target:rw,Z" "-v" "/var/lib/crater-agent-workspace/builds/worker-7-tc2/source:/opt/rustwide/workdir:ro,Z" "-v" "/var/lib/crater-agent-workspace/cargo-home:/opt/rustwide/cargo-home:ro,Z" "-v" "/var/lib/crater-agent-workspace/rustup-home:/opt/rustwide/rustup-home:ro,Z" "-e" "SOURCE_DIR=/opt/rustwide/workdir" "-e" "CARGO_TARGET_DIR=/opt/rustwide/target" "-e" "CARGO_INCREMENTAL=0" "-e" "RUST_BACKTRACE=full" "-e" "RUSTFLAGS=--cap-lints=forbid" "-e" "RUSTDOCFLAGS=--cap-lints=forbid" "-e" "CARGO_HOME=/opt/rustwide/cargo-home" "-e" "RUSTUP_HOME=/opt/rustwide/rustup-home" "-w" "/opt/rustwide/workdir" "-m" "1610612736" "--user" "0:0" "--network" "none" "ghcr.io/rust-lang/crates-build-env/linux@sha256:19e73879b68f455e41552ea35293514db52ea292d993f571636dbffedb77a1ee" "/opt/rustwide/cargo-home/bin/cargo" "+e6e4f7ed1589e03bc2f6c5931c1a72e7947e8682" "check" "--frozen" "--all" "--all-targets" "--message-format=json", kill_on_drop: false }`
[INFO] [stdout] d273963825f0ce46091bcc5cfe913d65dae162a7a2371caf03c8df664b456990
[INFO] running `Command { std: "docker" "start" "-a" "d273963825f0ce46091bcc5cfe913d65dae162a7a2371caf03c8df664b456990", kill_on_drop: false }`
[INFO] [stderr]     Checking casanova v0.1.0 (/opt/rustwide/workdir)
[INFO] [stdout] error[E0412]: cannot find type `Events` in this scope
[INFO] [stdout]   --> src/main.rs:10:18
[INFO] [stdout]    |
[INFO] [stdout] 10 |     parents: Set<Events>,
[INFO] [stdout]    |                  ^^^^^^ not found in this scope
[INFO] [stdout]    |
[INFO] [stdout] help: you might be missing a type parameter
[INFO] [stdout]    |
[INFO] [stdout] 7  | pub struct Event<Events> {
[INFO] [stdout]    |                 ++++++++
[INFO] [stdout] 
[INFO] [stdout] 
[INFO] [stdout] error[E0412]: cannot find type `Events` in this scope
[INFO] [stdout]   --> src/main.rs:10:18
[INFO] [stdout]    |
[INFO] [stdout] 10 |     parents: Set<Events>,
[INFO] [stdout]    |                  ^^^^^^ not found in this scope
[INFO] [stdout]    |
[INFO] [stdout] help: you might be missing a type parameter
[INFO] [stdout]    |
[INFO] [stdout] 7  | pub struct Event<Events> {
[INFO] [stdout]    |                 ++++++++
[INFO] [stdout] 
[INFO] [stdout] 
[INFO] [stdout] error[E0412]: cannot find type `Events` in this scope
[INFO] [stdout]   --> src/main.rs:10:18
[INFO] [stdout]    |
[INFO] [stdout] 10 |     parents: Set<Events>,
[INFO] [stdout]    |                  ^^^^^^ not found in this scope
[INFO] [stdout]    |
[INFO] [stdout] help: you might be missing a type parameter
[INFO] [stdout]    |
[INFO] [stdout] 7  | pub struct Event<Events> {
[INFO] [stdout]    |                 ++++++++
[INFO] [stdout] 
[INFO] [stdout] 
[INFO] [stdout] error[E0412]: cannot find type `Events` in this scope
[INFO] [stdout]   --> src/main.rs:10:18
[INFO] [stdout]    |
[INFO] [stdout] 10 |     parents: Set<Events>,
[INFO] [stdout]    |                  ^^^^^^ not found in this scope
[INFO] [stdout]    |
[INFO] [stdout] help: you might be missing a type parameter
[INFO] [stdout]    |
[INFO] [stdout] 7  | pub struct Event<Events> {
[INFO] [stdout]    |                 ++++++++
[INFO] [stdout] 
[INFO] [stdout] 
[INFO] [stdout] error[E0308]: mismatched types
[INFO] [stdout]   --> src/main.rs:41:26
[INFO] [stdout]    |
[INFO] [stdout] 33 |             q.push_back(b);
[INFO] [stdout]    |             -           - this argument has type `Block`...
[INFO] [stdout]    |             |
[INFO] [stdout]    |             ... which causes `q` to have type `VecDeque<Block>`
[INFO] [stdout] ...
[INFO] [stdout] 41 |                 q.append(&mut satisfied); // This line doesn't compile
[INFO] [stdout]    |                   ------ ^^^^^^^^^^^^^^ expected `&mut VecDeque<Block>`, found `&mut VecDeque<&Block>`
[INFO] [stdout]    |                   |
[INFO] [stdout]    |                   arguments to this method are incorrect
[INFO] [stdout]    |
[INFO] [stdout]    = note: expected mutable reference `&mut VecDeque<Block>`
[INFO] [stdout]               found mutable reference `&mut VecDeque<&Block>`
[INFO] [stdout] note: method defined here
[INFO] [stdout]   --> /rustc/e6e4f7ed1589e03bc2f6c5931c1a72e7947e8682/library/alloc/src/collections/vec_deque/mod.rs:1934:12
[INFO] [stdout] 
[INFO] [stdout] 
[INFO] [stdout] error[E0308]: mismatched types
[INFO] [stdout]   --> src/main.rs:41:26
[INFO] [stdout]    |
[INFO] [stdout] 33 |             q.push_back(b);
[INFO] [stdout]    |             -           - this argument has type `Block`...
[INFO] [stdout]    |             |
[INFO] [stdout]    |             ... which causes `q` to have type `VecDeque<Block>`
[INFO] [stdout] ...
[INFO] [stdout] 41 |                 q.append(&mut satisfied); // This line doesn't compile
[INFO] [stdout]    |                   ------ ^^^^^^^^^^^^^^ expected `&mut VecDeque<Block>`, found `&mut VecDeque<&Block>`
[INFO] [stdout]    |                   |
[INFO] [stdout]    |                   arguments to this method are incorrect
[INFO] [stdout]    |
[INFO] [stdout]    = note: expected mutable reference `&mut VecDeque<Block>`
[INFO] [stdout]               found mutable reference `&mut VecDeque<&Block>`
[INFO] [stdout] note: method defined here
[INFO] [stdout]   --> /rustc/e6e4f7ed1589e03bc2f6c5931c1a72e7947e8682/library/alloc/src/collections/vec_deque/mod.rs:1934:12
[INFO] [stdout] 
[INFO] [stdout] 
[INFO] [stdout] error: aborting due to 3 previous errors
[INFO] [stdout] 
[INFO] [stdout] 
[INFO] [stdout] Some errors have detailed explanations: E0308, E0412.
[INFO] [stdout] 
[INFO] [stdout] For more information about an error, try `rustc --explain E0308`.
[INFO] [stdout] 
[INFO] [stdout] error: aborting due to 3 previous errors
[INFO] [stdout] 
[INFO] [stdout] 
[INFO] [stdout] Some errors have detailed explanations: E0308, E0412.
[INFO] [stdout] 
[INFO] [stdout] For more information about an error, try `rustc --explain E0308`.
[INFO] [stdout] 
[INFO] [stderr] error: could not compile `casanova` (bin "casanova" test) due to 4 previous errors
[INFO] [stderr] warning: build failed, waiting for other jobs to finish...
[INFO] [stderr] error: could not compile `casanova` (bin "casanova") due to 4 previous errors
[INFO] running `Command { std: "docker" "inspect" "d273963825f0ce46091bcc5cfe913d65dae162a7a2371caf03c8df664b456990", kill_on_drop: false }`
[INFO] running `Command { std: "docker" "rm" "-f" "d273963825f0ce46091bcc5cfe913d65dae162a7a2371caf03c8df664b456990", kill_on_drop: false }`
[INFO] [stdout] d273963825f0ce46091bcc5cfe913d65dae162a7a2371caf03c8df664b456990
